5 + b. Let a = 65 - t. What is the tens digit of a?
3
Let p(v) = v + 5. Let u be p(0). Suppose -u*l - 110 = 5*y, y = 4*l - 0*y + 78. What is the units digit of (l/12)/(-5)*666?
2
Let y(q) = -q + 11. Let x = -58 - -64. Let a be y(x). Suppose a*d - j - 125 = 0, -3*j = -7*j. What is the tens digit of d?
2
Suppose 34*x - 93891 = 29*x - 4*m, m - 56329 = -3*x. What is the ten thousands digit of x?
1
Let m(w) = 5*w**2 + 5*w + 3. Suppose -18 = -k + a, k + 9*a - 4*a = 6. Let l = k - 22. What is the tens digit of m(l)?
5
Suppose -5*a - 35 = 15. Let h = -3 - a. Let l(v) = 4*v**2 - 11*v + 21. What is the hundreds digit of l(h)?
1
Let j = 171 - 188. Let f(u) = u**2 + 6*u - 48. What is the units digit of f(j)?
9
Let c(l) be the second derivative of 17*l**4/3 - 11*l**3/6 - 23*l**2/2 + 21*l. What is the hundreds digit of c(-3)?
6
Let i = 44971 + -32808. What is the ten thousands digit of i?
1
Suppose i + 5*m = -25, -3*i - 5 = -5*i + m. Let c be (-3 + i)/12 - 18/(-8). Suppose -c*q = -56 - 48. What is the tens digit of q?
5
Let a be 2/15 + (-59836)/(-105) + 5. Suppose 51*v - a = 46*v. What is the tens digit of v + (25/5)/(-1)?
1
Let h = 73 + -133. Let g be 3/2*(-640)/h. Let y = g - -178. What is the hundreds digit of y?
1
Let c = 37 - 35. Let l(r) = 13*r - 4. Let g be l(c). Let s = 73 + g. What is the units digit of s?
5
Let m(l) = l**3 - l**2 + 2*l + 6966. What is the tens digit of m(0)?
6
Let y be 7*(4 + -5) + 1. Let o be (-1815)/(-6) + (-3)/y. Suppose -o - 138 = -7*s. What is the units digit of s?
3
Let b = -9217 + 18208. Suppose -b = 30*i - 39*i. What is the tens digit of i?
9
Let s(t) = -5*t**3 + 7*t**2 - 8*t + 5. Let q(l) = -l**3 + l**2 + 2*l + 1. Let g(y) = 2*q(y) - s(y). What is the tens digit of g(7)?
6
Suppose 5*s = -5*d + 103410, -d - 1811 = 4*s - 22520. What is the hundreds digit of d?
6
Let i(d) = d**3 + d**2 - 4*d + 1. Let g be i(2). Suppose -g*y - 656 = -91. Let b = y + 300. What is the units digit of b?
7
Suppose 142427 + 173254 = 5*y + 4*h, -3*h = y - 63156. What is the ten thousands digit of y?
6
Suppose 166812 = 2*g + 24*i - 26*i, -g + 83415 = 2*i. What is the ten thousands digit of g?
8
Let w(r) be the third derivative of -13*r**5/120 + 5*r**4/24 + 7*r**3/2 + 29*r**2. Let u(x) be the first derivative of w(x). What is the tens digit of u(-1)?
1
Suppose -95*m = -102*m + 56. Suppose -m*p = -3*p - 4740. What is the tens digit of p?
4
Let v = -33 - -36. Suppose -3*c + 2*c = v*a - 17, 2*a - 4 = 3*c. Suppose 368 = -o + a*o. What is the tens digit of o?
9
Let z(i) = -178*i + 1498. What is the hundreds digit of z(0)?
4
Let l = 61 + -55. Let p be -3 + 22*l/(-4). What is the tens digit of (-9)/(p/(-8)) + 84?
8
Let h be (-22)/44*(1 + -1 - -12). Let a(x) = 5*x - 11. Let r be a(h). Let c = r - -73. What is the tens digit of c?
3
Suppose -y + 3*y - 42811 = -5*u, 4*y = u - 8571. What is the thousands digit of u?
8
Let l = -15 - -183. Suppose 3*j + 4*s = s + 114, -4*j = -4*s - l. Suppose j = 4*k - 240. What is the tens digit of k?
7
Let r = -524 - -312. Let o = 255 + r. What is the units digit of o?
3
Let t(q) = q**2 - 3*q + 9. Let y be t(15). Suppose -2*j = -164 + 386. Let x = y + j. What is the tens digit of x?
7
Suppose 0 = -4*n - 21 - 51. Let l = n + 46. Suppose 4*f - 189 + l = -a, -a = 5*f - 158. What is the units digit of a?
3
What is the tens digit of (-15634)/(0 + 3 + -5)?
1
Suppose -4*w - 5*h + 26 = 0, -3 = -4*w + 5*h + 3. Suppose -3*l = p + l + 28, 91 = -w*p + 5*l. Let z = 196 + p. What is the units digit of z?
2
Let m = -2962 - -4642. Suppose 15*r = 7*r - m. Let b = r - -372. What is the hundreds digit of b?
1
Suppose 2*p - 2*q + 7*q = 89900, q = -3*p + 134850. What is the ten thousands digit of p?
4
Let p be 51/(-1)*(-3)/9. Let u = p - 26. Let q = -6 - u. What is the units digit of q?
3
Suppose 2*j + 10*v - 5*v - 32223 = 0, -j + 16074 = -5*v. What is the thousands digit of j?
6
Suppose 2*h - 47 = 3*z + 6, 59 = -3*z - h. Let i = 84 - z. What is the tens digit of i?
0
Let o = 86168 - 28992. What is the thousands digit of o?
7
Let n = 865 - -78. What is the tens digit of n?
4
Let y = -446 - -448. Suppose -h - 746 = -y*h. What is the tens digit of h?
4
Suppose -170 = -2*v + 304. Let d = v + -110. What is the tens digit of d?
2
Suppose -20*t - 11*t + 31 = 0. What is the units digit of 41/t + (8/(-2) - -2)?
9
Let g be ((-1)/((-2)/9))/((-307)/(-2456)). Suppose 16*a = g*a - 14540. What is the hundreds digit of a?
7
Let a(y) = 69*y**2 + 20*y + 4. Let j(q) = 1. Let p(s) = 2*a(s) - 6*j(s). What is the units digit of p(2)?
4
Let n(k) = -k**3 + 2*k**2 + 3*k. Let r be n(3). Let q(u) = 1107*u**2 - u**3 + 202 + 1106*u**2 + u - 2211*u**2. What is the units digit of q(r)?
2
Let g(a) = -6*a**2 - 5*a + 12. Let l(q) = -5*q**2 - 5*q + 11. Let z(i) = 4*g(i) - 5*l(i). Suppose 0 = -v + 67 - 62. What is the units digit of z(v)?
3
Suppose 3*b - q = 27, 3*b + 2*b = 3*q + 41. Suppose -b - 10 = -10*v. Suppose 0 = 3*p + 5*j - 707, 2*j + 454 = v*p + j. What is the units digit of p?
9
Let s(f) = 2*f**3 + 6*f**2 - 46*f - 4. What is the thousands digit of s(9)?
1
Suppose 82*a - 409257 + 82995 - 1831896 = 0. What is the ten thousands digit of a?
2
Let a(r) = 2*r + 5. Let s be a(-5). Let z(j) = -7*j + 10 + 6 + 6*j**2 - 7 + j**3 - 7. What is the tens digit of z(s)?
6
Let d = -269 + 180. Let w = 117 + -177. Let s = w - d. What is the units digit of s?
9
Let f = -59 + 59. Suppose d - 2*p - 4 = f, 2*p = 3*d - 5 - 7. Suppose -2*n + 210 = 4*q, -d*n + q = 5*q - 420. What is the hundreds digit of n?
1
Suppose 5*p + 7*i - 155 = 2*i, 2*p = 3*i + 37. Let d = 35 - p. Let b = d + 94. What is the units digit of b?
3
Let f = -229 + 229. Suppose 5*i + 2*q - 2274 = f, -4*i - 5*q - 97 = -1923. What is the tens digit of i?
5
Let d(q) = q - 6. Let o be d(9). Let g(i) = 80*i**2 - 5*i - 5. Let r be g(o). Suppose r = 14*j - 9*j. What is the hundreds digit of j?
1
Suppose 30*x - 102 = 27*x. Suppose -36*l = -x*l + 388. Let c = -27 - l. What is the units digit of c?
7
Suppose -2*o + 2*f + 50304 = 0, 869*o - 871*o + 50306 = -3*f. What is the tens digit of o?
5
Let f(x) = 2395*x - 2202. What is the thousands digit of f(7)?
4
Let b = -6926 + 4806. What is the hundreds digit of (b/32)/(4/(-16))?
2
Let s(y) = -6*y**3 + 2*y**2 + y + 3. Let j be s(-3). Let f be 288/(-240) - 162/(-10). Suppose f*w = 10*w + j. What is the units digit of w?
6
Let p = 275 + -171. Let r be 1*-4*4394/p. Let t = r - -249. What is the units digit of t?
0
Let j be 145/(-25) + 5 + (-38)/(-10). Suppose w - j*k = 230, -2*w + k + 452 = -3*k. What is the units digit of w?
8
Let c = 798 - -6949. What is the tens digit of c?
4
Let a(x) = -12*x - 6. Let o be a(-5). Suppose 0 = 7*m - 732 - 164. Suppose -h - o = -m. What is the units digit of h?
4
Let o(k) = 19*k**2 - 19 + 1 + 7*k + 8. What is the hundreds digit of o(5)?
5
Suppose -134*x = -150*x + 163440. What is the thousands digit of x?
0
Let m(q) = -35*q**2 - 1550*q. What is the ten thousands digit of m(-19)?
1
Let t be ((-202)/4)/((-8)/16) - -2. Suppose -t*v + 172 = -102*v. What is the tens digit of v?
7
Let n be (-17895)/(-18) + 3/(-1*18). Suppose 4*o + 3*b - 2722 = 0, -2*o = 2*b - n - 368. What is the hundreds digit of o?
6
What is the tens digit of 18*(435/30 + -8)?
1
Let t(a) be the third derivative of 0 - 2/3*a**3 + 2*a**2 + 0*a - 7/12*a**4. What is the tens digit of t(-6)?
8
Let b(x) = 10*x + 94. Suppose 5*y - 102 = -5*t - 12, 4*y - 63 = -t. What is the tens digit of b(y)?
4
Let v be (10*-2)/(3 + -7). What is the tens digit of ((-49551)/(-415))/(1/v)?
9
What is the hundreds digit of (365/(-20))/(21/(-94332)) + -1?
9
Let z = 31 - 29. Let m(p) = 228*p**2 - 6*p + 7. Let i be m(z). Suppose 5*x - f = 1131, -x + i = 3*x - 3*f. What is the tens digit of x?
2
Suppose 0*f + 34 = h - 3*f, 0 = 2*h - 3*f - 62. What is the tens digit of -4 - (-120)/h - 19518/(-42)?
6
Suppose 156 = 4*k - o, k - 144 = -3*k - 2*o. Let b = k - -32. Let i = b - 44. What is the units digit of i?
6
Suppose -3*p + 2*o = -2753, o - 3656 = -4*p - 0*o. Suppose 3*j - 21 = p. Suppose -4*v = 120 - j. What is the tens digit of v?
4
Suppose -33*u + 11*u - 66 = 0. Let t(q) = -q**2 - 11*q + 2. What is the units digit of t(u)?
6
Let y(f) be the third derivative of -29*f**4/24 + 77*f**3/6 + 82*f**2. What is the units digit of y(-20)?